{"id":889,"date":"2025-05-08T08:51:21","date_gmt":"2025-05-08T08:51:21","guid":{"rendered":"https:\/\/estoesunaeuropamassaludable.eu\/vereinigungen\/"},"modified":"2025-06-04T10:31:15","modified_gmt":"2025-06-04T10:31:15","slug":"vereinigungen","status":"publish","type":"page","link":"https:\/\/estoesunaeuropamassaludable.eu\/de\/vereinigungen\/","title":{"rendered":"Vereinigungen"},"content":{"rendered":"<p>[et_pb_section fb_built=&#8220;1&#8243; admin_label=&#8220;About&#8220; _builder_version=&#8220;4.27.4&#8243; _module_preset=&#8220;default&#8220; background_color=&#8220;#f1f1f1&#8243; custom_margin=&#8220;-5px||||false|false&#8220; custom_padding=&#8220;||1px|||&#8220; collapsed=&#8220;on&#8220; global_colors_info=&#8220;{}&#8220;][et_pb_row column_structure=&#8220;1_2,1_2&#8243; _builder_version=&#8220;4.17.4&#8243; _module_preset=&#8220;default&#8220; global_colors_info=&#8220;{}&#8220;][et_pb_column type=&#8220;1_2&#8243; _builder_version=&#8220;4.17.4&#8243; _module_preset=&#8220;default&#8220; global_colors_info=&#8220;{}&#8220;][et_pb_image src=&#8220;https:\/\/estoesunaeuropamassaludable.eu\/wp-content\/uploads\/2025\/05\/asociaciones-portada.jpg&#8220; title_text=&#8220;asociaciones portada&#8220; _builder_version=&#8220;4.27.4&#8243; _module_preset=&#8220;default&#8220; global_colors_info=&#8220;{}&#8220;][\/et_pb_image][\/et_pb_column][et_pb_column type=&#8220;1_2&#8243; _builder_version=&#8220;4.17.4&#8243; _module_preset=&#8220;default&#8220; custom_padding=&#8220;5%||||false|false&#8220; global_colors_info=&#8220;{}&#8220;][et_pb_text _builder_version=&#8220;4.27.4&#8243; _module_preset=&#8220;default&#8220; header_2_font=&#8220;Gotham Black|900|||||||&#8220; header_2_text_color=&#8220;#38732f&#8220; header_2_font_size=&#8220;70px&#8220; header_4_font=&#8220;Gotham Black|900|||||||&#8220; header_4_text_color=&#8220;#38732f&#8220; header_4_font_size=&#8220;45px&#8220; header_4_line_height=&#8220;0.3em&#8220; header_5_font=&#8220;Gotham Black|700|||||||&#8220; header_5_font_size=&#8220;20px&#8220; header_5_line_height=&#8220;1.6em&#8220; background_enable_color=&#8220;off&#8220; hover_enabled=&#8220;0&#8243; header_2_font_size_tablet=&#8220;55px&#8220; header_2_font_size_phone=&#8220;45px&#8220; header_2_font_size_last_edited=&#8220;on|tablet&#8220; header_4_font_size_tablet=&#8220;25px&#8220; header_4_font_size_phone=&#8220;18px&#8220; header_4_font_size_last_edited=&#8220;on|phone&#8220; locked=&#8220;off&#8220; global_colors_info=&#8220;{}&#8220; sticky_enabled=&#8220;0&#8243;]<\/p>\n<h4><span style=\"font-size: 0.7em;\">Das ist nicht<\/span> nur<\/h4>\n<h2>eine stimme<\/h2>\n<h5><\/h5>\n<h5>Das ist eine Allianz f\u00fcr ein ges\u00fcnderes und nachhaltigeres Europa<br \/>\n<\/h5>\n<p>[\/et_pb_text][et_pb_text _builder_version=&#8220;4.27.4&#8243; _module_preset=&#8220;1f09816e-184e-4ce5-a4cf-b39c52c423ca&#8220; text_font=&#8220;Libre Franklin||||||||&#8220; text_font_size=&#8220;16px&#8220; text_line_height=&#8220;1.6em&#8220; hover_enabled=&#8220;0&#8243; text_font_size_tablet=&#8220;15px&#8220; text_font_size_phone=&#8220;14px&#8220; text_font_size_last_edited=&#8220;on|phone&#8220; header_font_size_tablet=&#8220;55px&#8220; header_font_size_last_edited=&#8220;off|desktop&#8220; global_colors_info=&#8220;{}&#8220; sticky_enabled=&#8220;0&#8243;]<\/p>\n<p><strong>Hinter dieser Kampagne stehen drei Verb\u00e4nde, denen die Gesundheit und Nachhaltigkeit in Europa ein wichtiges Anliegen sind:<\/strong><\/p>\n<p>[\/et_pb_text][\/et_pb_column][\/et_pb_row][\/et_pb_section][et_pb_section fb_built=&#8220;1&#8243; admin_label=&#8220;About&#8220; _builder_version=&#8220;4.27.4&#8243; _module_preset=&#8220;default&#8220; background_color=&#8220;#f1f1f1&#8243; custom_padding=&#8220;3px|||||&#8220; collapsed=&#8220;on&#8220; global_colors_info=&#8220;{}&#8220;][et_pb_row column_structure=&#8220;1_3,1_3,1_3&#8243; _builder_version=&#8220;4.27.4&#8243; _module_preset=&#8220;default&#8220; global_colors_info=&#8220;{}&#8220;][et_pb_column type=&#8220;1_3&#8243; _builder_version=&#8220;4.27.4&#8243; _module_preset=&#8220;default&#8220; global_colors_info=&#8220;{}&#8220;][et_pb_image src=&#8220;https:\/\/estoesunaeuropamassaludable.eu\/wp-content\/uploads\/2025\/05\/brocoli-logo.png&#8220; title_text=&#8220;+brocoli logo&#8220; _builder_version=&#8220;4.27.4&#8243; _module_preset=&#8220;default&#8220; global_colors_info=&#8220;{}&#8220;][\/et_pb_image][et_pb_text _builder_version=&#8220;4.27.4&#8243; _module_preset=&#8220;985c817d-db2f-47c6-ab8f-58cc30e380aa&#8220; header_5_font=&#8220;Gotham Black|600|||||||&#8220; header_5_text_color=&#8220;#38732f&#8220; header_5_font_size=&#8220;20px&#8220; header_5_line_height=&#8220;1.5em&#8220; custom_margin=&#8220;||0px||false|false&#8220; custom_padding=&#8220;0px|||||&#8220; header_5_font_size_tablet=&#8220;15px&#8220; header_5_font_size_phone=&#8220;14px&#8220; header_5_font_size_last_edited=&#8220;on|desktop&#8220; global_colors_info=&#8220;{}&#8220;]<\/p>\n<h5>+Br\u00f3coli (Asociaci\u00f3n para Promover el Consumo de Br\u00f3coli)<\/h5>\n<p>[\/et_pb_text][et_pb_text _builder_version=&#8220;4.27.4&#8243; _module_preset=&#8220;4c43b4b6-66bf-432d-959a-705bda24a650&#8243; text_font=&#8220;Libre Franklin||||||||&#8220; text_font_size=&#8220;16px&#8220; hover_enabled=&#8220;0&#8243; header_font_size_tablet=&#8220;55px&#8220; header_font_size_last_edited=&#8220;off|desktop&#8220; global_colors_info=&#8220;{}&#8220; sticky_enabled=&#8220;0&#8243;]<\/p>\n<p>Mit mehr als 60 Mitgliedern engagiert sich diese Organisation seit 2010 f\u00fcr rigorose und innovative Kampagnen, die zu einer Verbesserung der Ern\u00e4hrung der Bev\u00f6lkerung beitragen sollen, wozu auch der vermehrte Verzehr dieses Kreuzbl\u00fctlers mit dem wissenschaftlichen Namen <em>Brassica oleracea<\/em> geh\u00f6rt.<\/p>\n<p>[\/et_pb_text][\/et_pb_column][et_pb_column type=&#8220;1_3&#8243; _builder_version=&#8220;4.27.4&#8243; _module_preset=&#8220;default&#8220; global_colors_info=&#8220;{}&#8220;][et_pb_image src=&#8220;https:\/\/estoesunaeuropamassaludable.eu\/wp-content\/uploads\/2025\/05\/alcachofa-logo.png&#8220; title_text=&#8220;alcachofa logo&#8220; _builder_version=&#8220;4.27.4&#8243; _module_preset=&#8220;default&#8220; global_colors_info=&#8220;{}&#8220;][\/et_pb_image][et_pb_text _builder_version=&#8220;4.27.4&#8243; _module_preset=&#8220;985c817d-db2f-47c6-ab8f-58cc30e380aa&#8220; header_5_font=&#8220;Gotham Black|600|||||||&#8220; header_5_text_color=&#8220;#74ac7d&#8220; header_5_font_size=&#8220;20px&#8220; header_5_line_height=&#8220;1.5em&#8220; custom_margin=&#8220;||0px||false|false&#8220; header_5_font_size_tablet=&#8220;15px&#8220; header_5_font_size_phone=&#8220;14px&#8220; header_5_font_size_last_edited=&#8220;on|desktop&#8220; locked=&#8220;off&#8220; global_colors_info=&#8220;{}&#8220;]<\/p>\n<h5><strong>Alcachofa de Espa\u00f1a (Asociaci\u00f3n para la Promoci\u00f3n del Consumo de Alcachofa)<\/strong><\/h5>\n<p>[\/et_pb_text][et_pb_text _builder_version=&#8220;4.27.4&#8243; _module_preset=&#8220;4c43b4b6-66bf-432d-959a-705bda24a650&#8243; text_font=&#8220;Libre Franklin||||||||&#8220; text_font_size=&#8220;16px&#8220; hover_enabled=&#8220;0&#8243; header_font_size_tablet=&#8220;55px&#8220; header_font_size_last_edited=&#8220;off|desktop&#8220; locked=&#8220;off&#8220; global_colors_info=&#8220;{}&#8220; sticky_enabled=&#8220;0&#8243;]<\/p>\n<p><span>Landwirte, Obst- und Gem\u00fcseunternehmen, die verarbeitende Industrie, Gesch\u00e4fte und Restaurants sind Teil dieser 2014 gegr\u00fcndeten Organisation, die sich zum Ziel gesetzt hat, die ern\u00e4hrungsphysiologischen Eigenschaften und den unverwechselbaren Geschmack dieses spanischen Produkts sowie seine Verbindung zur mediterranen Ern\u00e4hrung weiter zu verbreiten.<\/span><\/p>\n<p>[\/et_pb_text][\/et_pb_column][et_pb_column type=&#8220;1_3&#8243; _builder_version=&#8220;4.27.4&#8243; _module_preset=&#8220;default&#8220; global_colors_info=&#8220;{}&#8220;][et_pb_image src=&#8220;https:\/\/estoesunaeuropamassaludable.eu\/wp-content\/uploads\/2025\/05\/fraises-logo.png&#8220; title_text=&#8220;fraises logo&#8220; _builder_version=&#8220;4.27.4&#8243; _module_preset=&#8220;default&#8220; global_colors_info=&#8220;{}&#8220;][\/et_pb_image][et_pb_text _builder_version=&#8220;4.27.4&#8243; _module_preset=&#8220;985c817d-db2f-47c6-ab8f-58cc30e380aa&#8220; header_5_font=&#8220;Gotham Black|600|||||||&#8220; header_5_text_color=&#8220;#e0545c&#8220; header_5_font_size=&#8220;20px&#8220; header_5_line_height=&#8220;1.5em&#8220; custom_margin=&#8220;||0px||false|false&#8220; header_5_font_size_tablet=&#8220;15px&#8220; header_5_font_size_phone=&#8220;14px&#8220; header_5_font_size_last_edited=&#8220;on|desktop&#8220; locked=&#8220;off&#8220; global_colors_info=&#8220;{}&#8220;]<\/p>\n<h5><strong>AOPn Fraises de France (Association d\u2019Organisations de Producteurs nationale Fraises)<\/strong><\/h5>\n<p>[\/et_pb_text][et_pb_text _builder_version=&#8220;4.27.4&#8243; _module_preset=&#8220;4c43b4b6-66bf-432d-959a-705bda24a650&#8243; text_font=&#8220;Libre Franklin||||||||&#8220; text_font_size=&#8220;16px&#8220; hover_enabled=&#8220;0&#8243; header_font_size_tablet=&#8220;55px&#8220; header_font_size_last_edited=&#8220;off|desktop&#8220; locked=&#8220;off&#8220; global_colors_info=&#8220;{}&#8220; sticky_enabled=&#8220;0&#8243;]<\/p>\n<p>Diese 2008 gegr\u00fcndete Vereinigung umfasst mehr als 500 Erzeuger aus verschiedenen Regionen, die zusammen mehr als 50 % des Sektors in diesem Land ausmachen. Das Ziel besteht darin, die franz\u00f6sische Erdbeerproduktion zu erhalten und weiterzuentwickeln und den Konsumenten hochwertige Sorten anzubieten.<\/p>\n<p>[\/et_pb_text][\/et_pb_column][\/et_pb_row][\/et_pb_section]<\/p>\n","protected":false},"excerpt":{"rendered":"<p>Das ist nicht nur eine stimme Das ist eine Allianz f\u00fcr ein ges\u00fcnderes und nachhaltigeres Europa Hinter dieser Kampagne stehen drei Verb\u00e4nde, denen die Gesundheit und Nachhaltigkeit in Europa ein wichtiges Anliegen sind:+Br\u00f3coli (Asociaci\u00f3n para Promover el Consumo de Br\u00f3coli)Mit mehr als 60 Mitgliedern engagiert sich diese Organisation seit 2010 f\u00fcr rigorose und innovative Kampagnen, [&hellip;]<\/p>\n","protected":false},"author":1,"featured_media":0,"parent":0,"menu_order":0,"comment_status":"closed","ping_status":"closed","template":"","meta":{"_et_pb_use_builder":"on","_et_pb_old_content":"","_et_gb_content_width":"","footnotes":""},"class_list":["post-889","page","type-page","status-publish","hentry"],"_links":{"self":[{"href":"https:\/\/estoesunaeuropamassaludable.eu\/de\/wp-json\/wp\/v2\/pages\/889","targetHints":{"allow":["GET"]}}],"collection":[{"href":"https:\/\/estoesunaeuropamassaludable.eu\/de\/wp-json\/wp\/v2\/pages"}],"about":[{"href":"https:\/\/estoesunaeuropamassaludable.eu\/de\/wp-json\/wp\/v2\/types\/page"}],"author":[{"embeddable":true,"href":"https:\/\/estoesunaeuropamassaludable.eu\/de\/wp-json\/wp\/v2\/users\/1"}],"replies":[{"embeddable":true,"href":"https:\/\/estoesunaeuropamassaludable.eu\/de\/wp-json\/wp\/v2\/comments?post=889"}],"version-history":[{"count":3,"href":"https:\/\/estoesunaeuropamassaludable.eu\/de\/wp-json\/wp\/v2\/pages\/889\/revisions"}],"predecessor-version":[{"id":892,"href":"https:\/\/estoesunaeuropamassaludable.eu\/de\/wp-json\/wp\/v2\/pages\/889\/revisions\/892"}],"wp:attachment":[{"href":"https:\/\/estoesunaeuropamassaludable.eu\/de\/wp-json\/wp\/v2\/media?parent=889"}],"curies":[{"name":"wp","href":"https:\/\/api.w.org\/{rel}","templated":true}]}}

<p>[et_pb_section fb_built=&#8220;1&#8243; admin_label=&#8220;About&#8220; _builder_version=&#8220;4.27.4&#8243; _module_preset=&#8220;default&#8220; background_color=&#8220;#f1f1f1&#8243; custom_margin=&#8220;-5px||||false|false&#8220; custom_padding=&#8220;||1px|||&#8220; collapsed=&#8220;on&#8220; global_colors_info=&#8220;{}&#8220;][et_pb_row column_structure=&#8220;1_2,1_2&#8243; _builder_version=&#8220;4.17.4&#8243; _module_preset=&#8220;default&#8220; global_colors_info=&#8220;{}&#8220;][et_pb_column type=&#8220;1_2&#8243; _builder_version=&#8220;4.17.4&#8243; _module_preset=&#8220;default&#8220; global_colors_info=&#8220;{}&#8220;][et_pb_image src=&#8220;https://estoesunaeuropamassaludable.eu/wp-content/uploads/2025/05/asociaciones-portada.jpg&#8220; title_text=&#8220;asociaciones portada&#8220; _builder_version=&#8220;4.27.4&#8243; _module_preset=&#8220;default&#8220; global_colors_info=&#8220;{}&#8220;][/et_pb_image][/et_pb_column][et_pb_column type=&#8220;1_2&#8243; _builder_version=&#8220;4.17.4&#8243; _module_preset=&#8220;default&#8220; custom_padding=&#8220;5%||||false|false&#8220; global_colors_info=&#8220;{}&#8220;][et_pb_text _builder_version=&#8220;4.27.4&#8243; _module_preset=&#8220;default&#8220; header_2_font=&#8220;Gotham Black|900|||||||&#8220; header_2_text_color=&#8220;#38732f&#8220; header_2_font_size=&#8220;70px&#8220; header_4_font=&#8220;Gotham Black|900|||||||&#8220; header_4_text_color=&#8220;#38732f&#8220; header_4_font_size=&#8220;45px&#8220; header_4_line_height=&#8220;0.3em&#8220; header_5_font=&#8220;Gotham Black|700|||||||&#8220; header_5_font_size=&#8220;20px&#8220; header_5_line_height=&#8220;1.6em&#8220; background_enable_color=&#8220;off&#8220; hover_enabled=&#8220;0&#8243; header_2_font_size_tablet=&#8220;55px&#8220; header_2_font_size_phone=&#8220;45px&#8220; header_2_font_size_last_edited=&#8220;on|tablet&#8220; header_4_font_size_tablet=&#8220;25px&#8220; header_4_font_size_phone=&#8220;18px&#8220; header_4_font_size_last_edited=&#8220;on|phone&#8220; locked=&#8220;off&#8220; global_colors_info=&#8220;{}&#8220; sticky_enabled=&#8220;0&#8243;]</p>
<h4><span style="font-size: 0.7em;">Das ist nicht</span> nur</h4>
<h2>eine stimme</h2>
<h5></h5>
<h5>Das ist eine Allianz für ein gesünderes und nachhaltigeres Europa<br />
</h5>
<p>[/et_pb_text][et_pb_text _builder_version=&#8220;4.27.4&#8243; _module_preset=&#8220;1f09816e-184e-4ce5-a4cf-b39c52c423ca&#8220; text_font=&#8220;Libre Franklin||||||||&#8220; text_font_size=&#8220;16px&#8220; text_line_height=&#8220;1.6em&#8220; hover_enabled=&#8220;0&#8243; text_font_size_tablet=&#8220;15px&#8220; text_font_size_phone=&#8220;14px&#8220; text_font_size_last_edited=&#8220;on|phone&#8220; header_font_size_tablet=&#8220;55px&#8220; header_font_size_last_edited=&#8220;off|desktop&#8220; global_colors_info=&#8220;{}&#8220; sticky_enabled=&#8220;0&#8243;]</p>
<p><strong>Hinter dieser Kampagne stehen drei Verbände, denen die Gesundheit und Nachhaltigkeit in Europa ein wichtiges Anliegen sind:</strong></p>
<p>[/et_pb_text][/et_pb_column][/et_pb_row][/et_pb_section][et_pb_section fb_built=&#8220;1&#8243; admin_label=&#8220;About&#8220; _builder_version=&#8220;4.27.4&#8243; _module_preset=&#8220;default&#8220; background_color=&#8220;#f1f1f1&#8243; custom_padding=&#8220;3px|||||&#8220; collapsed=&#8220;on&#8220; global_colors_info=&#8220;{}&#8220;][et_pb_row column_structure=&#8220;1_3,1_3,1_3&#8243; _builder_version=&#8220;4.27.4&#8243; _module_preset=&#8220;default&#8220; global_colors_info=&#8220;{}&#8220;][et_pb_column type=&#8220;1_3&#8243; _builder_version=&#8220;4.27.4&#8243; _module_preset=&#8220;default&#8220; global_colors_info=&#8220;{}&#8220;][et_pb_image src=&#8220;https://estoesunaeuropamassaludable.eu/wp-content/uploads/2025/05/brocoli-logo.png&#8220; title_text=&#8220;+brocoli logo&#8220; _builder_version=&#8220;4.27.4&#8243; _module_preset=&#8220;default&#8220; global_colors_info=&#8220;{}&#8220;][/et_pb_image][et_pb_text _builder_version=&#8220;4.27.4&#8243; _module_preset=&#8220;985c817d-db2f-47c6-ab8f-58cc30e380aa&#8220; header_5_font=&#8220;Gotham Black|600|||||||&#8220; header_5_text_color=&#8220;#38732f&#8220; header_5_font_size=&#8220;20px&#8220; header_5_line_height=&#8220;1.5em&#8220; custom_margin=&#8220;||0px||false|false&#8220; custom_padding=&#8220;0px|||||&#8220; header_5_font_size_tablet=&#8220;15px&#8220; header_5_font_size_phone=&#8220;14px&#8220; header_5_font_size_last_edited=&#8220;on|desktop&#8220; global_colors_info=&#8220;{}&#8220;]</p>
<h5>+Brócoli (Asociación para Promover el Consumo de Brócoli)</h5>
<p>[/et_pb_text][et_pb_text _builder_version=&#8220;4.27.4&#8243; _module_preset=&#8220;4c43b4b6-66bf-432d-959a-705bda24a650&#8243; text_font=&#8220;Libre Franklin||||||||&#8220; text_font_size=&#8220;16px&#8220; hover_enabled=&#8220;0&#8243; header_font_size_tablet=&#8220;55px&#8220; header_font_size_last_edited=&#8220;off|desktop&#8220; global_colors_info=&#8220;{}&#8220; sticky_enabled=&#8220;0&#8243;]</p>
<p>Mit mehr als 60 Mitgliedern engagiert sich diese Organisation seit 2010 für rigorose und innovative Kampagnen, die zu einer Verbesserung der Ernährung der Bevölkerung beitragen sollen, wozu auch der vermehrte Verzehr dieses Kreuzblütlers mit dem wissenschaftlichen Namen <em>Brassica oleracea</em> gehört.</p>
<p>[/et_pb_text][/et_pb_column][et_pb_column type=&#8220;1_3&#8243; _builder_version=&#8220;4.27.4&#8243; _module_preset=&#8220;default&#8220; global_colors_info=&#8220;{}&#8220;][et_pb_image src=&#8220;https://estoesunaeuropamassaludable.eu/wp-content/uploads/2025/05/alcachofa-logo.png&#8220; title_text=&#8220;alcachofa logo&#8220; _builder_version=&#8220;4.27.4&#8243; _module_preset=&#8220;default&#8220; global_colors_info=&#8220;{}&#8220;][/et_pb_image][et_pb_text _builder_version=&#8220;4.27.4&#8243; _module_preset=&#8220;985c817d-db2f-47c6-ab8f-58cc30e380aa&#8220; header_5_font=&#8220;Gotham Black|600|||||||&#8220; header_5_text_color=&#8220;#74ac7d&#8220; header_5_font_size=&#8220;20px&#8220; header_5_line_height=&#8220;1.5em&#8220; custom_margin=&#8220;||0px||false|false&#8220; header_5_font_size_tablet=&#8220;15px&#8220; header_5_font_size_phone=&#8220;14px&#8220; header_5_font_size_last_edited=&#8220;on|desktop&#8220; locked=&#8220;off&#8220; global_colors_info=&#8220;{}&#8220;]</p>
<h5><strong>Alcachofa de España (Asociación para la Promoción del Consumo de Alcachofa)</strong></h5>
<p>[/et_pb_text][et_pb_text _builder_version=&#8220;4.27.4&#8243; _module_preset=&#8220;4c43b4b6-66bf-432d-959a-705bda24a650&#8243; text_font=&#8220;Libre Franklin||||||||&#8220; text_font_size=&#8220;16px&#8220; hover_enabled=&#8220;0&#8243; header_font_size_tablet=&#8220;55px&#8220; header_font_size_last_edited=&#8220;off|desktop&#8220; locked=&#8220;off&#8220; global_colors_info=&#8220;{}&#8220; sticky_enabled=&#8220;0&#8243;]</p>
<p><span>Landwirte, Obst- und Gemüseunternehmen, die verarbeitende Industrie, Geschäfte und Restaurants sind Teil dieser 2014 gegründeten Organisation, die sich zum Ziel gesetzt hat, die ernährungsphysiologischen Eigenschaften und den unverwechselbaren Geschmack dieses spanischen Produkts sowie seine Verbindung zur mediterranen Ernährung weiter zu verbreiten.</span></p>
<p>[/et_pb_text][/et_pb_column][et_pb_column type=&#8220;1_3&#8243; _builder_version=&#8220;4.27.4&#8243; _module_preset=&#8220;default&#8220; global_colors_info=&#8220;{}&#8220;][et_pb_image src=&#8220;https://estoesunaeuropamassaludable.eu/wp-content/uploads/2025/05/fraises-logo.png&#8220; title_text=&#8220;fraises logo&#8220; _builder_version=&#8220;4.27.4&#8243; _module_preset=&#8220;default&#8220; global_colors_info=&#8220;{}&#8220;][/et_pb_image][et_pb_text _builder_version=&#8220;4.27.4&#8243; _module_preset=&#8220;985c817d-db2f-47c6-ab8f-58cc30e380aa&#8220; header_5_font=&#8220;Gotham Black|600|||||||&#8220; header_5_text_color=&#8220;#e0545c&#8220; header_5_font_size=&#8220;20px&#8220; header_5_line_height=&#8220;1.5em&#8220; custom_margin=&#8220;||0px||false|false&#8220; header_5_font_size_tablet=&#8220;15px&#8220; header_5_font_size_phone=&#8220;14px&#8220; header_5_font_size_last_edited=&#8220;on|desktop&#8220; locked=&#8220;off&#8220; global_colors_info=&#8220;{}&#8220;]</p>
<h5><strong>AOPn Fraises de France (Association d’Organisations de Producteurs nationale Fraises)</strong></h5>
<p>[/et_pb_text][et_pb_text _builder_version=&#8220;4.27.4&#8243; _module_preset=&#8220;4c43b4b6-66bf-432d-959a-705bda24a650&#8243; text_font=&#8220;Libre Franklin||||||||&#8220; text_font_size=&#8220;16px&#8220; hover_enabled=&#8220;0&#8243; header_font_size_tablet=&#8220;55px&#8220; header_font_size_last_edited=&#8220;off|desktop&#8220; locked=&#8220;off&#8220; global_colors_info=&#8220;{}&#8220; sticky_enabled=&#8220;0&#8243;]</p>
<p>Diese 2008 gegründete Vereinigung umfasst mehr als 500 Erzeuger aus verschiedenen Regionen, die zusammen mehr als 50 % des Sektors in diesem Land ausmachen. Das Ziel besteht darin, die französische Erdbeerproduktion zu erhalten und weiterzuentwickeln und den Konsumenten hochwertige Sorten anzubieten.</p>
<p>[/et_pb_text][/et_pb_column][/et_pb_row][/et_pb_section]</p>

<p>Das ist nicht nur eine stimme Das ist eine Allianz für ein gesünderes und nachhaltigeres Europa Hinter dieser Kampagne stehen drei Verbände, denen die Gesundheit und Nachhaltigkeit in Europa ein wichtiges Anliegen sind:+Brócoli (Asociación para Promover el Consumo de Brócoli)Mit mehr als 60 Mitgliedern engagiert sich diese Organisation seit 2010 für rigorose und innovative Kampagnen, [&hellip;]</p>
